he prime factors of 80736908.
2, 7, 411923
What are the prime factors of 351465506?
2, 7, 25104679
List the prime factors of 104823708.
2, 3, 11, 794119
What are the prime factors of 737998921?
11, 71, 179, 5279
List the prime factors of 15058539.
3, 1673171
What are the prime factors of 57256509?
3, 19085503
What are the prime factors of 4172669001?
3, 463629889
List the prime factors of 285288547.
193, 1478179
What are the prime factors of 179712000?
2, 3, 5, 13
What are the prime factors of 375086335?
5, 13, 5770559
What are the prime factors of 85916?
2, 47, 457
List the prime factors of 6117490138.
2, 131, 983, 23753
What are the prime factors of 3690584545?
5, 1471, 501779
What are the prime factors of 8004710?
2, 5, 7, 173, 661
List the prime factors of 119643593.
1889, 63337
What are the prime factors of 783938638?
2, 7, 55995617
List the prime factors of 315342721.
12917, 24413
List the prime factors of 513826121.
313, 1641617
List the prime factors of 652140175.
5, 26085607
What are the prime factors of 169206228?
2, 3, 373, 12601
List the prime factors of 1733055860.
2, 5, 167, 397, 1307
List the prime factors of 4218216879.
3, 683, 2058671
What are the prime factors of 69393410?
2, 5, 6939341
What are the prime factors of 182563618?
2, 91281809
List the prime factors of 26212281.
3, 8737427
What are the prime factors of 10065147?
3, 37, 90677
What are the prime factors of 315797820?
2, 3, 5, 13, 23, 29, 607
List the prime factors of 330767694.
2, 3, 19, 109, 467
What are the prime factors of 1466560477?
23, 137, 257, 1811
What are the prime factors of 137139654?
2, 3, 22856609
List the prime factors of 54336020.
2, 5, 677, 4013
List the prime factors of 860336414.
2, 7, 67, 283, 463
What are the prime factors of 2726825744?
2, 229, 744221
List the prime factors of 773139553.
1033, 748441
What are the prime factors of 333546722?
2, 97, 1123, 1531
What are the prime factors of 200086128?
2, 3, 11, 126317
What are the prime factors of 165287726?
2, 19, 4349677
List the prime factors of 45389719.
45389719
What are the prime factors of 196230272?
2, 7, 389, 563
What are the prime factors of 1829009658?
2, 3, 7, 43547849
What are the prime factors of 182493833?
739, 246947
List the prime factors of 5826036363.
3, 7, 277430303
What are the prime factors of 1643274888?
2, 3, 19, 241, 787
List the prime factors of 6219653783.
7, 31, 28661999
List the prime factors of 400366473.
3, 13, 17, 67, 9013
List the prime factors of 155399594.
2, 7, 19, 41, 14249
What are the prime factors of 11641172?
2, 59, 107, 461
What are the prime factors of 215250802?
2, 13, 109, 151, 503
List the prime factors of 995169146.
2, 2333, 213281
List the prime factors of 126368082.
2, 3, 7020449
What are the prime factors of 3198483763?
1163, 2750201
What are the prime factors of 994851071?
127, 7833473
List the prime factors of 3813912876.
2, 3, 2789, 113957
List the prime factors of 274208600.
2, 5, 1049, 1307
List the prime factors of 26400460.
2, 5, 1320023
What are the prime factors of 383118263?
11, 3259, 10687
What are the prime factors of 2537995461?
3, 845998487
List the prime factors of 340369984.
2, 29, 183389
What are the prime factors of 80550403?
17, 4738259
What are the prime factors of 13725057?
3, 1847, 2477
What are the prime factors of 26431788?
2, 3, 61, 36109
What are the prime factors of 1099137399?
3, 366379133
What are the prime factors of 105766418?
2, 17, 113, 27529
List the prime factors of 1641879219.
3, 23, 23795351
What are the prime factors of 7487291468?
2, 19, 967, 101879
List the prime factors of 629509961.
2383, 264167
List the prime factors of 1070776649.
53, 101, 200033
List the prime factors of 1843784437.
11, 167616767
What are the prime factors of 50396734?
2, 179, 140773
List the prime factors of 1442687382.
2, 3, 26716433
List the prime factors of 1634205273.
3, 89, 68771
List the prime factors of 65106960.
2, 3, 5, 271279
What are the prime factors of 11327704?
2, 181, 7823
List the prime factors of 255477820.
2, 5, 13, 29, 31, 1093
List the prime factors of 125965860.
2, 3, 5, 2099431
What are the prime factors of 119621404?
2, 7, 29, 179, 823
What are the prime factors of 365153804?
2, 91288451
What are the prime factors of 50035616?
2, 61, 25633
List the prime factors of 205467806.
2, 1607, 63929
What are the prime factors of 737233201?
737233201
List the prime factors of 56359458.
2, 3, 53, 59077
List the prime factors of 122576533.
29, 1453, 2909
What are the prime factors of 22694909?
22694909
List the prime factors of 64248243.
3, 37, 53, 67, 163
What are the prime factors of 133527960?
2, 3, 5, 123637
List the prime factors of 79001250.
2, 3, 5, 21067
List the prime factors of 181694609.
71, 2559079
List the prime factors of 496363429.
19, 997, 26203
What are the prime factors of 966841486?
2, 13, 19, 97, 20177
What are the prime factors of 1747970271?
3, 194218919
List the prime factors of 67535450.
2, 5, 1350709
What are the prime factors of 118226455?
5, 19, 617, 2017
What are the prime factors of 38871376?
2, 103, 229
List the prime factors of 2380794689.
7, 13, 3011, 8689
What are the prime factors of 139506126?
2, 3, 23251021
List the prime factors of 61937062.
2, 11, 131, 21491
What are the prime factors of 213405692?
2, 17, 184607
List the prime factors of 152405935.
5, 11, 17, 19, 23, 373
List the prime factors of 1588443783.
3, 107, 4948423
What are the prime factors of 274584397?
12791, 21467
What are the prime factors of 699411777?
3, 37, 6301007
List the prime factors of 14549253.
3, 131, 37021
List the prime factors of 306608346.
2, 3, 11, 1548527
What are the prime factors of 2377670151?
3, 16657, 47581
List the prime factors of 180420836.
2, 45105209
List the prime factors of 166235835.
3, 5, 23, 481843
What are the prime factors of 104138766?
2, 3, 113, 51199
What are the prime factors of 2946957336?
2, 3, 61, 191, 1171
What are the prime factors of 80129482?
2, 31, 829, 1559
What are the prime factors of 8545625?
5, 11, 113
What are the prime factors of 6367755337?
149, 42736613
List the prime factors of 279504040.
2, 5, 6987601
What are the prime factors of 615796786?
2, 11, 27990763
List the prime factors of 144873754.
2, 431, 168067
What are the prime factors of 220580212?
2, 23, 47, 139, 367
List the prime factors of 883354151.
22511, 39241
What are the prime factors of 30696941?
11, 151, 18481
What are the prime factors of 2891964?
2, 3, 240997
What are the prime factors of 51467339?
7, 11, 668407
List the prime factors of 837947843.
37, 22647239
What are the prime factors of 8201412516?
2, 3, 11, 607, 102359
List the prime factors of 470956423.
7, 17, 232801
What are the prime factors of 1182294328?
2, 67, 571, 3863
List the prime factors of 149436037.
23, 73, 89003
List the prime factors of 755610235.
5, 1091, 138517
List the prime factors of 2245700840.
2, 5, 29, 109, 17761
List the prime factors of 842706215.
5, 13, 29, 167, 2677
What are the prime factors of 1045683254?
2, 7, 11, 1993, 3407
What are the prime factors of 673683846?
2, 3, 11, 23, 311, 1427
List the prime factors of 2473021125.
3, 5, 31, 7879
List the prime factors of 47258895.
3, 5, 17, 241, 769
List the prime factors of 104765363.
104765363
List the prime factors of 8537015335.
5, 1707403067
What are the prime factors of 2539867050?
2, 3, 5, 7, 397, 677
List the prime factors of 574851262.
2, 43, 151, 44267
What are the prime factors of 542457348?
2, 3, 2689, 16811
What are the prime factors of 89621922?
2, 3, 13, 1148999
List the prime factors of 32141147.
32141147
List the prime factors of 162503954.
2, 631, 128767
List the prime factors of 72862110.
2, 3, 5, 809579
What are the prime factors of 2622036767?
7, 383, 978007
List the prime factors of 4861110745.
5, 2003, 485383
What are the prime factors of 35254050?
2, 3, 5, 13, 101, 179
List the prime factors of 13851463.
13851463
List the prime factors of 1117453427.
43, 25987289
What are the prime factors of 46764419?
13, 3597263
What are the prime factors of 1191914114?
2, 595957057
What are the prime factors of 179497470?
2, 3, 5, 59, 101411
What are the prime factors of 1806184423?
89, 239, 84913
What are the prime factors of 1944991354?
2, 19, 51183983
What ar